
Calculate the highest common divisor of 213 and 27548.
71
What is the greatest common divisor of 499838 and 4910?
982
Calculate the greatest common divisor of 28577 and 119.
17
Calculate the highest common factor of 2048 and 20.
4
What is the highest common factor of 114251 and 1075?
43
Calculate the highest common factor of 24 and 2940.
12
Calculate the greatest common divisor of 4992 and 1170.
78
What is the greatest common divisor of 1043 and 9089?
149
Calculate the highest common factor of 472 and 27788.
4
What is the highest common factor of 38152 and 7028?
1004
Calculate the highest common divisor of 1320 and 321640.
440
Calculate the greatest common factor of 102 and 80298.
6
Calculate the highest common divisor of 926624 and 736.
736
Calculate the highest common divisor of 20757 and 74.
37
Calculate the greatest common factor of 759 and 3450.
69
Calculate the greatest common factor of 5206025 and 275.
275
Calculate the highest common divisor of 128725 and 1615.
95
What is the highest common divisor of 133 and 10871?
7
Calculate the greatest common divisor of 259670 and 230.
230
Calculate the greatest common divisor of 137180 and 40.
20
Calculate the highest common divisor of 15589 and 58072.
119
Calculate the greatest common divisor of 8576 and 368.
16
What is the highest common factor of 121 and 8047226?
121
Calculate the greatest common divisor of 1038 and 771753.
519
Calculate the highest common divisor of 20 and 48220.
20
What is the highest common divisor of 13077 and 2151?
9
What is the greatest common divisor of 946 and 75766?
86
What is the highest common divisor of 2134 and 4059?
11
What is the highest common factor of 16 and 408336?
16
Calculate the highest common factor of 126 and 5148927.
63
Calculate the greatest common divisor of 6896 and 7056.
16
What is the highest common divisor of 43038 and 108?
54
Calculate the highest common divisor of 145 and 104545.
145
Calculate the greatest common factor of 8 and 11848.
8
What is the highest common factor of 2019 and 3084359?
673
What is the greatest common divisor of 92 and 20539?
23
Calculate the greatest common divisor of 36 and 95292.
36
Calculate the highest common divisor of 342 and 52782.
114
What is the highest common divisor of 198 and 426987?
99
Calculate the highest common divisor of 13090 and 1050.
70
Calculate the greatest common divisor of 595 and 693209.
17
What is the highest common divisor of 119 and 19957?
7
What is the greatest common factor of 324 and 3078?
162
What is the greatest common factor of 168 and 359408?
56
Calculate the greatest common factor of 19926 and 6.
6
What is the highest common divisor of 555 and 3945?
15
Calculate the greatest common divisor of 42957 and 1073.
37
Calculate the greatest common factor of 26 and 59293.
13
Calculate the greatest common factor of 1341711 and 6696.
837
What is the greatest common divisor of 280 and 24500?
140
Calculate the greatest common divisor of 11 and 413237.
11
What is the highest common factor of 1149 and 29703?
3
Calculate the greatest common divisor of 4123 and 3325.
133
What is the highest common factor of 15241884 and 862?
862
Calculate the greatest common divisor of 54398 and 1534.
118
What is the greatest common divisor of 20 and 157?
1
Calculate the greatest common factor of 9 and 5181.
3
What is the highest common factor of 1432847 and 494?
247
What is the greatest common divisor of 126 and 738052?
14
What is the highest common factor of 122 and 2329163?
61
What is the greatest common divisor of 1440 and 28845?
45
Calculate the greatest common divisor of 754692 and 1464.
732
What is the highest common factor of 4544 and 22336?
64
What is the greatest common divisor of 58317 and 168?
21
Calculate the highest common divisor of 60 and 310.
10
Calculate the greatest common factor of 29644 and 4.
4
What is the highest common factor of 25280 and 2720?
160
Calculate the highest common divisor of 1340135 and 1238.
619
What is the greatest common divisor of 81508 and 45920?
1148
What is the greatest common divisor of 76 and 280512?
4
Calculate the greatest common factor of 351 and 2912.
13
Calculate the greatest common factor of 10184 and 184.
8
Calculate the highest common divisor of 620 and 453065.
155
Calculate the highest common factor of 17793 and 15498.
27
Calculate the highest common divisor of 62 and 5549.
31
Calculate the greatest common factor of 45 and 45615.
15
What is the greatest common divisor of 870969 and 627?
33
What is the greatest common divisor of 2880 and 3204?
36
What is the highest common divisor of 3507 and 366231?
501
What is the greatest common divisor of 187 and 649?
11
What is the greatest common factor of 7902 and 5346?
18
What is the greatest common factor of 8037 and 5781?
141
Calculate the greatest common factor of 18 and 35163.
9
Calculate the highest common factor of 67545 and 969.
57
Calculate the greatest common factor of 14060 and 13320.
740
What is the highest common divisor of 141 and 436489?
47
Calculate the highest common factor of 1491329 and 133.
133
Calculate the greatest common factor of 1308 and 8175.
327
What is the highest common divisor of 37 and 3709842?
37
Calculate the greatest common factor of 4864 and 928.
32
Calculate the highest common divisor of 209679 and 111.
111
Calculate the highest common factor of 126 and 451692.
18
What is the highest common factor of 70 and 2240?
70
What is the greatest common divisor of 32565 and 501?
501
What is the greatest common divisor of 138 and 1412729?
23
Calculate the highest common factor of 11 and 1123771.
11
Calculate the highest common factor of 24453 and 4797.
117
What is the highest common factor of 3570 and 19431?
51
What is the highest common factor of 912100 and 2300?
100
Calculate the highest common factor of 3336 and 32943.
417
What is the greatest common factor of 8381 and 5491?
289
Calculate the highest common factor of 490428 and 40.
4
What is the highest common factor of 93 and 81561?
93
What is the greatest common factor of 3058 and 2442?
22
What is the highest common factor of 159 and 320597?
53
Calculate the highest common divisor of 1566 and 1798.
58
What is the greatest common factor of 212768 and 61?
61
Calculate the highest common factor of 14 and 447734.
14
Calculate the greatest common factor of 371058 and 12.
6
Calculate the highest common divisor of 360 and 38070.
90
Calculate the highest common divisor of 541068 and 132.
132
What is the greatest common divisor of 33 and 1959771?
33
What is the greatest common factor of 164990 and 70?
70
Calculate the highest common divisor of 2780 and 1020.
20
What is the highest common factor of 224 and 4707248?
112
What is the greatest common divisor of 96 and 256528?
16
What is the highest common factor of 391 and 3496?
23
Calculate the highest common factor of 2105182 and 10288.
1286
What is the greatest common divisor of 3197508 and 603?
201
Calculate the highest common factor of 64302 and 42.
42
Calculate the highest common factor of 962 and 72.
2
What is the greatest common divisor of 17545 and 1305?
145
What is the highest common divisor of 523 and 584191?
523
What is the greatest common divisor of 1101604 and 28?
28
Calculate the greatest common divisor of 376714 and 52.
26
Calculate the greatest common divisor of 62665 and 10721.
151
What is the highest common factor of 129052 and 88?
44
What is the greatest common factor of 224 and 99120?
112
What is the greatest common divisor of 62311 and 2?
1
What is the highest common divisor of 5440677 and 99?
33
Calculate the greatest common factor of 157919 and 737.
67
Calculate the greatest common divisor of 120978 and 77.
11
What is the greatest common factor of 95687 and 13006?
929
Calculate the greatest common factor of 14136 and 2451.
57
Calculate the greatest common divisor of 200880 and 1984.
496
What is the highest common divisor of 565425 and 5775?
525
Calculate the highest common divisor of 857527 and 627.
209
Calculate the highest common factor of 56862 and 91.
13
What is the highest common factor of 255 and 3525?
15
What is the highest common divisor of 720 and 7155?
45
Calculate the greatest common divisor of 97739 and 301.
43
What is the greatest common factor of 2585 and 704?
11
Cal